12, what is 1239b + -24?
12377
In base 13, what is 68731 - 20?
68711
In base 13, what is -683a - 7a0?
-730a
In base 9, what is -1315526 - 66?
-1315603
In base 5, what is -1111121 - -2223?
-1103343
In base 3, what is 11 + 1021221120101?
1021221120112
In base 2, what is -101 - -11011010000010110011?
11011010000010101110
In base 9, what is -4655063 - 24?
-4655087
In base 13, what is 11c - 64b45?
-64a26
In base 8, what is -4 - -60601423?
60601417
In base 12, what is -5b6 - 223a?
-2834
In base 8, what is -7523474135 - 5?
-7523474142
In base 11, what is -406 - 38605?
-38a10
In base 10, what is -6595 + 634?
-5961
In base 13, what is -26 - 44658?
-44681
In base 3, what is -2212100 + 11200120?
1211020
In base 14, what is -3cd302 - -154?
-3cd18c
In base 4, what is -102 - 230312330?
-230313032
In base 6, what is -1031211 - 1102?
-1032313
In base 2, what is -11 - 10011110011010111101101100?
-10011110011010111101101111
In base 14, what is 5a50 + -101?
594d
In base 16, what is 35 + -2f0f6f?
-2f0f3a
In base 14, what is -32a7 + -9ca7?
-d170
In base 3, what is 2011 - 112020212210201?
-112020212201120
In base 3, what is 11201202220210 + 10?
11201202220220
In base 8, what is -176 - -1032713?
1032515
In base 14, what is 459bcc - -20?
459c0c
In base 16, what is -69 + 142c4?
1425b
In base 15, what is -7 + -20a06d?
-20a075
In base 6, what is -110543015 + -322?
-110543341
In base 14, what is -25ba2633 + 5?
-25ba262c
In base 10, what is -3098544 + 3?
-3098541
In base 6, what is -141040000320 - 1?
-141040000321
In base 11, what is 3791374 + -7?
3791368
In base 5, what is -43030343410 + -4?
-43030343414
In base 9, what is -478527 + -14?
-478542
In base 11, what is 902a31 - 186?
902856
In base 16, what is a6a7f3 - -8?
a6a7fb
In base 8, what is -3 - 142353772?
-142353775
In base 6, what is -121425333425 + 2?
-121425333423
In base 12, what is -239342 + 19?
-239325
In base 12, what is -45 - -199106?
199081
In base 14, what is -1566c840 - -3?
-1566c83b
In base 6, what is -243 + -205540?
-210223
In base 7, what is -134523561 - -5?
-134523553
In base 11, what is 9959 + 103?
9a61
In base 4, what is -11 - -11210120130131?
11210120130120
In base 13, what is 15a175 - 444?
159a31
In base 15, what is -1e6 + -d8a2?
-da98
In base 13, what is -2c1 - -1c1c4?
1bc03
In base 14, what is -1139023 + 4?
-113901d
In base 12, what is 2a53 - 35b?
26b4
In base 11, what is -10a3914 + 32?
-10a3892
In base 7, what is -231533626 - 5?
-231533634
In base 15, what is 1 + -277780?
-27777e
In base 11, what is 19967 - -72a?
1a596
In base 13, what is -383398 - 5?
-3833a0
In base 4, what is 20 + 302123320300?
302123320320
In base 4, what is 2332031 + -1112?
2330313
In base 4, what is -2 + 1031320100021?
1031320100013
In base 9, what is 67830002 + 6?
67830008
In base 11, what is -1 + -786634?
-786635
In base 8, what is -11454504473 - -3?
-11454504470
In base 10, what is 307483 + -338?
307145
In base 9, what is 338 - -5566?
6015
In base 14, what is -3 - b23da?
-b23dd
In base 8, what is 24747 + 31145?
56114
In base 8, what is 21 - 367341?
-367320
In base 13, what is -2249 + b80?
-1399
In base 15, what is 2be26a7 - -3?
2be26aa
In base 6, what is -434222302 - 4?
-434222310
In base 6, what is 23314044 - -12?
23314100
In base 7, what is 50110 + -110450?
-30340
In base 11, what is -a + 900a373?
900a364
In base 14, what is -15d663dc - 4?
-15d66402
In base 14, what is 5 + 13c9c44?
13c9c49
In base 14, what is 10 + -164b7?
-164a7
In base 16, what is 1da4 + 1711?
34b5
In base 5, what is -3022 + 3140344?
3132322
In base 16, what is -3c4c6 - 1b?
-3c4e1
In base 3, what is -111221021111 - -100201?
-111220220210
In base 12, what is -3187 + -913?
-3a9a
In base 16, what is -86b + -7e6?
-1051
In base 9, what is -13 - -5062563?
5062550
In base 9, what is -33653825 + 67?
-33653747
In base 16, what is 11 - b197f?
-b196e
In base 8, what is 126 - -1164323?
1164451
In base 11, what is a824 + 72?
a896
In base 4, what is 2033 + -33121123?
-33113030
In base 15, what is -213 - -11838?
11625
In base 8, what is -436 + -60416?
-61054
In base 8, what is -12263366 + -37?
-12263425
In base 8, what is -123 + -14577?
-14722
In base 9, what is 4 - -216487?
216502
In base 2, what is -110 + 1101011110111101110?
1101011110111101000
In base 14, what is 65960a4 + -4?
65960a0
In base 4, what is -2 - -23313120223?
23313120221
In base 2, what is 1001100110100100011 - -111010?
1001100110101011101
In base 8, what is 40 - 17623517?
-17623457
In base 14, what is 204760 + 16d?
2048cd
In base 9, what is -2556 - -160312?
156645
In base 3, what is -1020110102 + 121100?
-1012212002
In base 3, what is -10101 + 1220021111?
1220011010
In base 5, what is -142110 + -234144?
-431304
In base 10, what is 4 + -307768491?
-307768487
In base 10, what is 0 - -4412504?
4412504
In base 6, what is 5 - 232212101?
-232212052
In base 13, what is 297129 + 130?
297259
In base 2, what is -1101110111 + -110010110010010?
-110100100001001
In base 8, what is 173152 + 667?
174041
In base 3, what is 12 - -202101001100?
202101001112
In base 15, what is -c3a66 + -58?
-c3abe
In base 2, what is -10 - -110010000000001111100001?
110010000000001111011111
In base 11, what is -526977 - 20?
-526997
In base 13, what is 54c37 + 22?
54c59
In base 13, what is 133c4a8 + -2?
133c4a6
In base 2, what is -11 + -111101101000000101010011?
-111101101000000101010110
In base 8, what is 4 + -12462552?
-12462546
In base 9, what is -415 + 315261?
314745
In base 5, what is 121 + 4320201333?
4320202004
In base 8, what is 40 + -156411?
-156351
In base 16, what is -3740e9 + -91?
-37417a
In base 9, what is 64011007 + -1?
64011006
In base 16, what is -1cb - 516a7?
-51872
In base 3, what is -2220101022020121 - 1?
-2220101022020122
In base 2, what is 1101110101001100100000111 - 1001?
1101110101001100011111110
In base 2, what is -11011001010 + -111011001001001?
-111110100010011
In base 7, what is 10111 + -3655?
3123
In base 6, what is 210134522 - 3?
210134515
In base 10, what is -854 + -78736?
-79590
In base 16, what is 78db7 - -3c?
78df3
In base 15, what is 1929d - -cb?
19379
In base 2, what is 110111100100111010111 - -101101?
110111100101000000100
In base 8, what is -3223377 + 434?
-3222743
In base 9, what is 14103 - 63580?
-48476
In base 4, what is -1013211222203 - -2?
-1013211222201
In base 3, what is -211020 + -112101020?
-120012110
In base 6, what is -21 + 415133112?
415133051
In base 12, what is -47722 - -118?
-47606
In base 6, what is 1351 + 24554?
30345
In base 13, what is -2 - 2378ca74?
-2378ca76
In base 7, what is -2254 + 112363?
110106
In base 14, what is 1 + -309ca90?
-309ca8d
In base 13, what is -37 + 2575a2?
257568
In base 15, what is aeb93e - -5?
aeb944
In base 16, what is -3 + 592e49?
592e46
In base 8, what is 607624 - 74?
607530
In base 14, what is c54 + 2a305?
2b159
In base 12, what is -549 - -13b35?
135a8
In base 9, what is 10702 + 7541?
18343
In base 13, what is 855606 + -b?
8555c8
In base 5, what is 1101201 - 4?
1101142
In base 8, what is 12 + -5432561?
-5432547
In base 8, what is -1157757 - -65?
-1157672
In base 2, what is 10101 - 101010001010000100000111100?
-101010001010000100000100111
In base 12, what is 552181 + 3b?
552200
In base 12, what is b084a9b + -2?
b084a99
In base 9, what is 5833501 + -11?
5833480
In base 4, what is 110212 + -10333010?
-10222132
In base 4, what is -31011233232 + -1?
-31011233233
In base 6, what is -10222 - 125035?
-135301
In base 2, what is -101 - 1000011100101010011001000100?
-1000011100101010011001001001
In base 7, what is 12212042 - -20?
12212062
In base 11, what is 33964 - -1808?
35671
In base 4, what is 1011233 - -1032310?
2110203
In base 10, what is -13736 - -2417?
-11319
In base 7, what is 1 - 5632233?
-5632232
In base 14, what is -aa560 - d?
-aa56d
In base 14, what is -2007d01 - b?
-2007d0c
In base 4, what is 3 - 31101311210?
-31101311201
In base 5, what is -34133130 - 13?
-34133143
In base 12, what is -3b051 + 1204?
-39a49
In base 10, what is 3479785 + 10?
3479795
In base 5, what is -1011021421 + 4?
-1011021412
In base 10, what is 1146 + 48037?
49183
In base 6, what is 50550350 + -232?
50550114
In base 12, what is 372060 + 1b8?
372258
In base 4, what is 12132 - -302021?
320213
In base 13, what is -35 - -497903?
49789b
In base 9, what is -22357 + 487?
-21760
In 